{"id":1190,"date":"2023-02-08T10:58:45","date_gmt":"2023-02-08T09:58:45","guid":{"rendered":"https:\/\/www.blausasc.fr\/index.php\/actions-sociales-copy\/"},"modified":"2023-02-08T11:03:47","modified_gmt":"2023-02-08T10:03:47","slug":"candidatures","status":"publish","type":"page","link":"https:\/\/www.blausasc.fr\/index.php\/candidatures\/","title":{"rendered":"CANDIDATURES"},"content":{"rendered":"<p>[et_pb_section fb_built=\u00a0\u00bb1&Prime; _builder_version=\u00a0\u00bb4.19.5&Prime; _module_preset=\u00a0\u00bbdefault\u00a0\u00bb background_size=\u00a0\u00bbcontain\u00a0\u00bb min_height=\u00a0\u00bb377px\u00a0\u00bb custom_padding=\u00a0\u00bb||176px|||\u00a0\u00bb hover_enabled=\u00a0\u00bb0&Prime; global_colors_info=\u00a0\u00bb{}\u00a0\u00bb background_enable_image=\u00a0\u00bboff\u00a0\u00bb sticky_enabled=\u00a0\u00bb0&Prime;][et_pb_row _builder_version=\u00a0\u00bb4.19.5&Prime; _module_preset=\u00a0\u00bbdefault\u00a0\u00bb][et_pb_column _builder_version=\u00a0\u00bb4.19.5&Prime; _module_preset=\u00a0\u00bbdefault\u00a0\u00bb type=\u00a0\u00bb4_4&Prime;][et_pb_text _builder_version=\u00a0\u00bb4.19.5&Prime; _module_preset=\u00a0\u00bbdefault\u00a0\u00bb hover_enabled=\u00a0\u00bb0&Prime; sticky_enabled=\u00a0\u00bb0&Prime;]<\/p>\n<h1 style=\"text-align: center;\"><span style=\"color: #00ccff;\"><strong>APPEL A CANDIDATURE<\/strong><\/span><\/h1>\n<p>[\/et_pb_text][\/et_pb_column][\/et_pb_row][\/et_pb_section][et_pb_section fb_built=\u00a0\u00bb1&Prime; _builder_version=\u00a0\u00bb4.16&Prime; _module_preset=\u00a0\u00bbdefault\u00a0\u00bb link_option_url_new_window=\u00a0\u00bbon\u00a0\u00bb global_colors_info=\u00a0\u00bb{}\u00a0\u00bb][et_pb_row _builder_version=\u00a0\u00bb4.17.3&Prime; _module_preset=\u00a0\u00bbdefault\u00a0\u00bb global_colors_info=\u00a0\u00bb{}\u00a0\u00bb][et_pb_column type=\u00a0\u00bb4_4&Prime; _builder_version=\u00a0\u00bb4.17.3&Prime; _module_preset=\u00a0\u00bbdefault\u00a0\u00bb global_colors_info=\u00a0\u00bb{}\u00a0\u00bb][et_pb_text _builder_version=\u00a0\u00bb4.19.5&Prime; _module_preset=\u00a0\u00bbdefault\u00a0\u00bb hover_enabled=\u00a0\u00bb0&Prime; sticky_enabled=\u00a0\u00bb0&Prime;]<\/p>\n<h2>Pas d&rsquo;appel \u00e0 candidature d\u00e9pos\u00e9 \u00e0 ce jour.<\/h2>\n<p>[\/et_pb_text][\/et_pb_column][\/et_pb_row][\/et_pb_section]<\/p>\n","protected":false},"excerpt":{"rendered":"<p>APPEL A CANDIDATUREPas d&rsquo;appel \u00e0 candidature d\u00e9pos\u00e9 \u00e0 ce jour.<\/p>\n","protected":false},"author":1,"featured_media":0,"parent":0,"menu_order":0,"comment_status":"closed","ping_status":"closed","template":"","meta":{"_et_pb_use_builder":"on","_et_pb_old_content":"","_et_gb_content_width":"","footnotes":""},"class_list":["post-1190","page","type-page","status-publish","hentry"],"_links":{"self":[{"href":"https:\/\/www.blausasc.fr\/index.php\/wp-json\/wp\/v2\/pages\/1190","targetHints":{"allow":["GET"]}}],"collection":[{"href":"https:\/\/www.blausasc.fr\/index.php\/wp-json\/wp\/v2\/pages"}],"about":[{"href":"https:\/\/www.blausasc.fr\/index.php\/wp-json\/wp\/v2\/types\/page"}],"author":[{"embeddable":true,"href":"https:\/\/www.blausasc.fr\/index.php\/wp-json\/wp\/v2\/users\/1"}],"replies":[{"embeddable":true,"href":"https:\/\/www.blausasc.fr\/index.php\/wp-json\/wp\/v2\/comments?post=1190"}],"version-history":[{"count":0,"href":"https:\/\/www.blausasc.fr\/index.php\/wp-json\/wp\/v2\/pages\/1190\/revisions"}],"wp:attachment":[{"href":"https:\/\/www.blausasc.fr\/index.php\/wp-json\/wp\/v2\/media?parent=1190"}],"curies":[{"name":"wp","href":"https:\/\/api.w.org\/{rel}","templated":true}]}}

<p>[et_pb_section fb_built= »1&Prime; _builder_version= »4.19.5&Prime; _module_preset= »default » background_size= »contain » min_height= »377px » custom_padding= »||176px||| » hover_enabled= »0&Prime; global_colors_info= »{} » background_enable_image= »off » sticky_enabled= »0&Prime;][et_pb_row _builder_version= »4.19.5&Prime; _module_preset= »default »][et_pb_column _builder_version= »4.19.5&Prime; _module_preset= »default » type= »4_4&Prime;][et_pb_text _builder_version= »4.19.5&Prime; _module_preset= »default » hover_enabled= »0&Prime; sticky_enabled= »0&Prime;]</p>
<h1 style="text-align: center;"><span style="color: #00ccff;"><strong>APPEL A CANDIDATURE</strong></span></h1>
<p>[/et_pb_text][/et_pb_column][/et_pb_row][/et_pb_section][et_pb_section fb_built= »1&Prime; _builder_version= »4.16&Prime; _module_preset= »default » link_option_url_new_window= »on » global_colors_info= »{} »][et_pb_row _builder_version= »4.17.3&Prime; _module_preset= »default » global_colors_info= »{} »][et_pb_column type= »4_4&Prime; _builder_version= »4.17.3&Prime; _module_preset= »default » global_colors_info= »{} »][et_pb_text _builder_version= »4.19.5&Prime; _module_preset= »default » hover_enabled= »0&Prime; sticky_enabled= »0&Prime;]</p>
<h2>Pas d&rsquo;appel à candidature déposé à ce jour.</h2>
<p>[/et_pb_text][/et_pb_column][/et_pb_row][/et_pb_section]</p>

<p>APPEL A CANDIDATUREPas d&rsquo;appel à candidature déposé à ce jour.</p>
