{"id":718,"date":"2022-06-22T14:50:09","date_gmt":"2022-06-22T12:50:09","guid":{"rendered":"https:\/\/www.blausasc.fr\/index.php\/demarches-administratives-copy\/"},"modified":"2025-11-18T15:10:20","modified_gmt":"2025-11-18T14:10:20","slug":"numeros-utiles","status":"publish","type":"page","link":"https:\/\/www.blausasc.fr\/index.php\/numeros-utiles\/","title":{"rendered":"NUMEROS UTILES"},"content":{"rendered":"<p>[et_pb_section fb_built=\u00a0\u00bb1&Prime; _builder_version=\u00a0\u00bb4.17.4&Prime; _module_preset=\u00a0\u00bbdefault\u00a0\u00bb background_image=\u00a0\u00bbhttps:\/\/www.blausasc.fr\/wp-content\/uploads\/2022\/06\/Numeros-utiles-1024&#215;497.jpg\u00a0\u00bb background_size=\u00a0\u00bbcontain\u00a0\u00bb min_height=\u00a0\u00bb377px\u00a0\u00bb custom_padding=\u00a0\u00bb||11px|||\u00a0\u00bb global_colors_info=\u00a0\u00bb{}\u00a0\u00bb][et_pb_row disabled_on=\u00a0\u00bboff|off|off\u00a0\u00bb _builder_version=\u00a0\u00bb4.16&Prime; _module_preset=\u00a0\u00bbdefault\u00a0\u00bb global_colors_info=\u00a0\u00bb{}\u00a0\u00bb][et_pb_column type=\u00a0\u00bb4_4&Prime; _builder_version=\u00a0\u00bb4.16&Prime; _module_preset=\u00a0\u00bbdefault\u00a0\u00bb global_colors_info=\u00a0\u00bb{}\u00a0\u00bb][et_pb_text _builder_version=\u00a0\u00bb4.17.4&Prime; _module_preset=\u00a0\u00bbdefault\u00a0\u00bb text_text_color=\u00a0\u00bb#FFFFFF\u00a0\u00bb header_text_color=\u00a0\u00bb#FFFFFF\u00a0\u00bb custom_margin=\u00a0\u00bb229px||||false|false\u00a0\u00bb global_colors_info=\u00a0\u00bb{}\u00a0\u00bb]<\/p>\n<h1 style=\"text-align: center;\"><span style=\"color: #000000;\"><strong>NUMEROS UTILES<\/strong><\/span><\/h1>\n<p>[\/et_pb_text][\/et_pb_column][\/et_pb_row][\/et_pb_section][et_pb_section fb_built=\u00a0\u00bb1&Prime; _builder_version=\u00a0\u00bb4.16&Prime; _module_preset=\u00a0\u00bbdefault\u00a0\u00bb link_option_url_new_window=\u00a0\u00bbon\u00a0\u00bb global_colors_info=\u00a0\u00bb{}\u00a0\u00bb][et_pb_row _builder_version=\u00a0\u00bb4.17.3&Prime; _module_preset=\u00a0\u00bbdefault\u00a0\u00bb global_colors_info=\u00a0\u00bb{}\u00a0\u00bb][et_pb_column type=\u00a0\u00bb4_4&Prime; _builder_version=\u00a0\u00bb4.17.3&Prime; _module_preset=\u00a0\u00bbdefault\u00a0\u00bb global_colors_info=\u00a0\u00bb{}\u00a0\u00bb][et_pb_accordion _builder_version=\u00a0\u00bb4.27.4&Prime; _module_preset=\u00a0\u00bbdefault\u00a0\u00bb hover_enabled=\u00a0\u00bb0&Prime; global_colors_info=\u00a0\u00bb{}\u00a0\u00bb sticky_enabled=\u00a0\u00bb0&Prime;][et_pb_accordion_item title=\u00a0\u00bbRetrouvez ci-dessous tous les num\u00e9ros utiles pour vos d\u00e9marches\u00a0\u00bb open_toggle_text_color=\u00a0\u00bb#000000&Prime; _builder_version=\u00a0\u00bb4.17.4&Prime; _module_preset=\u00a0\u00bbdefault\u00a0\u00bb global_colors_info=\u00a0\u00bb{}\u00a0\u00bb toggle_text_color=\u00a0\u00bb#000000&Prime; toggle_font=\u00a0\u00bb||||||||\u00a0\u00bb toggle_text_align=\u00a0\u00bbjustify\u00a0\u00bb open=\u00a0\u00bboff\u00a0\u00bb][\/et_pb_accordion_item][et_pb_accordion_item title=\u00a0\u00bbNUMEROS D&rsquo;URGENCE\u00a0\u00bb open_toggle_text_color=\u00a0\u00bb#000000&Prime; _builder_version=\u00a0\u00bb4.17.4&Prime; _module_preset=\u00a0\u00bbdefault\u00a0\u00bb global_colors_info=\u00a0\u00bb{}\u00a0\u00bb toggle_text_color=\u00a0\u00bb#E02B20&Prime; toggle_font=\u00a0\u00bb|800|||||||\u00a0\u00bb toggle_text_align=\u00a0\u00bbjustify\u00a0\u00bb open=\u00a0\u00bboff\u00a0\u00bb]<\/p>\n<p>Samu <strong>15<\/strong><\/p>\n<p>SOS M\u00e9decin (Nice)\u00a0<strong>04 93 85 01 01<\/strong><\/p>\n<p>SOS Dentaire (Nice)\u00a0<strong>04 93 01 14 14<\/strong><\/p>\n<p>Centre anti-poisons (Marseille)<strong>\u00a004 91 75 25 25<\/strong><\/p>\n<p>Police<strong>\u00a017<\/strong><\/p>\n<p>Gendarmerie de l\u2019Escar\u00e8ne\u00a0<strong>04 93 79 50 07<\/strong><\/p>\n<p>Pompiers\u00a0<strong>18<\/strong><\/p>\n<p>Mairie de Nice\u00a0<strong>04 97 13 20 00<\/strong><\/p>\n<p>H\u00f4pital de l\u2019Archet\u00a0<strong>04 92 03 77 77<\/strong><\/p>\n<p>H\u00f4pital Pasteur\u00a0<strong>04 92 03 77 77<\/strong><\/p>\n<p>C.C.A.S Blausasc\u00a0<strong>04 93 79 51 04<\/strong><\/p>\n<p>Violences conjugales\u00a0<strong>39 19<\/strong><\/p>\n<p>[\/et_pb_accordion_item][et_pb_accordion_item title=\u00a0\u00bbP\u00d4LE PERINATALITE \u00a0\u00bb open=\u00a0\u00bboff\u00a0\u00bb _builder_version=\u00a0\u00bb4.27.4&Prime; _module_preset=\u00a0\u00bbdefault\u00a0\u00bb hover_enabled=\u00a0\u00bb0&Prime; global_colors_info=\u00a0\u00bb{}\u00a0\u00bb sticky_enabled=\u00a0\u00bb0&Prime;]<\/p>\n<p>AU 7, RD 2204 vous trouverez:<\/p>\n<p><strong>&#8211; PERRIN Alice &#8211; Ost\u00e9opathe D.O. &#8211; Adulte -Enfant &#8211; P\u00e9rinatalit\u00e9 &#8211; Sportif\u00a0<\/strong><\/p>\n<p>Consultations sur RDV au 06 79 04 81 33 (Doctolib)<\/p>\n<p><strong>&#8211; ZUNINO Sandrine &#8211; Hypnoth\u00e9rapeute &#8211; P\u00e9rinatalit\u00e9 &#8211; Gestion du Stress \/ \u00e9motions &#8211; D\u00e9pendances &#8211; Accompagnement enfant d\u00e8s 4 ans et adultes\u00a0<\/strong><\/p>\n<p>06 40 07 87 82\u00a0 \u00a0 \u00a0 @hypnomama.fr<\/p>\n<p><strong>&#8211; VAN MOORLEGHEM Margaux &#8211; Psychomotricienne D.E.\u00a0<\/strong><\/p>\n<p>06 01 74 65 28<\/p>\n<p><strong>&#8211; RANCUREL M\u00e9lanie &#8211; Infirmi\u00e8re D.E.\u00a0<\/strong><\/p>\n<p>Consultations sur RDV 06 86 69 01 07<\/p>\n<p><strong>&#8211; GIANSILI Lucie &#8211; Auxiliaire de pu\u00e9riculture et Doula\u00a0<\/strong><\/p>\n<p>Accompagnante p\u00e9rinatale &#8211; Ateliers Bien-\u00eatre<\/p>\n<p>06 83 87 18 90<\/p>\n<p>&nbsp;<\/p>\n<p>&nbsp;<\/p>\n<p>[\/et_pb_accordion_item][et_pb_accordion_item title=\u00a0\u00bbSANTE &#8211; LA POINTE SANTE\u00a0\u00bb open_toggle_text_color=\u00a0\u00bb#000000&Prime; _builder_version=\u00a0\u00bb4.17.4&Prime; _module_preset=\u00a0\u00bbdefault\u00a0\u00bb global_colors_info=\u00a0\u00bb{}\u00a0\u00bb toggle_text_color=\u00a0\u00bb#000000&Prime; toggle_font=\u00a0\u00bb||||||||\u00a0\u00bb open=\u00a0\u00bboff\u00a0\u00bb]<\/p>\n<p><strong><span>&#8211; sur sur Laboratoire d\u2019Analyse M\u00e9dicales \u2013 <\/span><\/strong>Dr C\u00e9cile PILETRE:\u00a0<strong>04 93 53 90 16<\/strong><\/p>\n<p><span><strong>Pharmacie de La Pointe<\/strong> \u2013\u00a0<\/span><strong>04 22 53 49 68 \u2013 Fax: 04 93 91 20 09<\/strong><\/p>\n<p><strong><span>Centre d\u2019Imagerie M\u00e9dicale-Radiologie<\/span><\/strong><span>\u00a0\u2013 Dr Christian HUYS:\u00a0<\/span><strong>04 93 79 23 46<\/strong><\/p>\n<p><strong><span>Cabinet m\u00e9dical<\/span><\/strong><span> <\/span><\/p>\n<ul>\n<li>Dr Roland PASTOR:\u00a0<span>\u00a0<\/span><strong>04 93 62 04 11<\/strong><span>\u00a0<\/span>sur RDV<\/li>\n<li>Dr \u00c9ric CAMPANA:\u00a0 04 93 62 04 11<\/li>\n<\/ul>\n<p><strong><span>Cabinet Dentaire<\/span><\/strong>\u00a0\u2013 Dr Sylvie COSTA \/ Dr Annabelle ROUSSEAU -VERAN :\u00a0<strong>04 93 91 17 69<\/strong>\u00a0sur RDV<\/p>\n<p><span><strong>Dermatologie-V\u00e9n\u00e9rologie<\/strong><\/span>\u00a0\u2013 Dr Sophie HAKIMI-MASSALOU sur Rdv: 04 93 85 93 56<\/p>\n<p><strong><span>Cabinet d\u2019Infirmiers<\/span><\/strong>\u00a0 &#8211; GROPPELLI \u2013 LECOURTIER \u2013 <strong>04 93 55 81 79<\/strong>\u00a0sur RDV et\u00a0<strong>06 077 07 51 30\u00a0<\/strong><\/p>\n<p><span><strong>Di\u00e9t\u00e9ticienne \/ Nutritionniste<\/strong><\/span><strong>\u00a0 \u00a0<span>\u00a0<\/span><\/strong>C\u00e9line CASTAN:\u00a0 06 03 96 36 66 sur RDV<\/p>\n<p><strong><span>P\u00e9dicure \u2013 Podologue<\/span><\/strong> \u2013 Marine PIAZZOLI : <strong>04 93 79 68 71<\/strong> sur RDV sur Doctolib<\/p>\n<p><strong><span>Orthophoniste<\/span><\/strong>\u00a0\u2013 Elisa BELET :<strong>06 22 24 00 11<\/strong>\u00a0sur RDV<\/p>\n<p><strong><span>Sage \u2013femme<\/span><\/strong>\u00a0\u2013 B\u00e9atrice CHANAUD \u2013 GERARDUZZI:\u00a0<strong>06 60 03 33 33\/ 04 93 91 10 33<\/strong>\u00a0sur RDV<\/p>\n<p>[\/et_pb_accordion_item][et_pb_accordion_item title=\u00a0\u00bbSANTE &#8211; LES TERRASSES DE LA POINTE\u00a0\u00bb open_toggle_text_color=\u00a0\u00bb#000000&Prime; _builder_version=\u00a0\u00bb4.17.4&Prime; _module_preset=\u00a0\u00bbdefault\u00a0\u00bb global_colors_info=\u00a0\u00bb{}\u00a0\u00bb toggle_text_color=\u00a0\u00bb#000000&Prime; toggle_font=\u00a0\u00bb||||||||\u00a0\u00bb open=\u00a0\u00bboff\u00a0\u00bb]<\/p>\n<p><span><strong><em>Cabinet de\u00a0 Kin\u00e9sith\u00e9rapeutes<\/em><\/strong><\/span><strong><em>\u00a0<\/em><\/strong><\/p>\n<ul>\n<li><strong>Alexandre PASTOR \/ Florent MENARDI \/ Miriam MORATA-CARPIO\/ Thomas ROSSI:<\/strong>\u00a0<strong>04 93 55 36 29<\/strong><strong><\/strong><\/li>\n<\/ul>\n<p><strong><em>Docteur Val\u00e9rie MESPLIER : 04 93 76 14 72<\/em><\/strong><br \/><strong><\/strong><\/p>\n<p><strong>Chirurgien dentiste, Orthodontie exclusive<\/strong> : <span><strong><em>Docteur D\u00e9borah DEGRUELLE \u00a0<\/em><\/strong><\/span>\u00a0: 04 93 80 08 10<\/p>\n<p><strong>Ost\u00e9opathe D.O &#8211; <\/strong><span><strong>FRESSINIER kelly : uniquement sur RDV:\u00a0 07 69 09 19 52\u00a0<\/strong><\/span><\/p>\n<p><strong>Infirmiers D.E :<\/strong> <span><strong>C<em>ARDINALI Cyril<\/em><\/strong><\/span><em><span>\u00a0et\u00a0<strong>DE WILDE Arnaud<\/strong><\/span><\/em><span>\u00a0<\/span>:\u00a0 07 49 09 28 52 sur RDV<\/p>\n<p>[\/et_pb_accordion_item][et_pb_accordion_item title=\u00a0\u00bbDOCTEUR et ESTHETIQUE \/ Ancienne Maison Gilardi : 3, Route Nationale 2204&Prime; open_toggle_text_color=\u00a0\u00bb#000000&Prime; _builder_version=\u00a0\u00bb4.17.4&Prime; _module_preset=\u00a0\u00bbdefault\u00a0\u00bb global_colors_info=\u00a0\u00bb{}\u00a0\u00bb toggle_text_color=\u00a0\u00bb#000000&Prime; toggle_font=\u00a0\u00bb||||||||\u00a0\u00bb open=\u00a0\u00bboff\u00a0\u00bb]<\/p>\n<p><strong><em><u>Ancienne Maison Gilardi\u00a0:<span>\u00a0<\/span><\/u><\/em><\/strong>3, Route Nationale 2204<\/p>\n<ul>\n<li><em><span><strong>PEAU D\u2019ART \u2013 Isabelle CAUVIN<\/strong><\/span><\/em><strong><span>\u00a0<\/span>\u00a0\u00a0\u00a0<\/strong>M\u00e9dico Esth\u00e9tique Artistique. Maquillage permanent naturel et correcteur\u00a0 \u00a006 63 41 08 45\u00a0 sur RDV<\/li>\n<\/ul>\n<p>[\/et_pb_accordion_item][et_pb_accordion_item title=\u00a0\u00bbMAIRIE \/ MAIRIE ANNEXE \u00a0\u00bb open_toggle_text_color=\u00a0\u00bb#000000&Prime; _builder_version=\u00a0\u00bb4.17.4&Prime; _module_preset=\u00a0\u00bbdefault\u00a0\u00bb global_colors_info=\u00a0\u00bb{}\u00a0\u00bb toggle_text_color=\u00a0\u00bb#000000&Prime; toggle_font=\u00a0\u00bb||||||||\u00a0\u00bb open=\u00a0\u00bboff\u00a0\u00bb]<\/p>\n<p><b>Mairie de BLAUSASC\u00a0<\/b><br \/><span>Esplanade N. Lottier &#8211; <\/span><span>06440 Blausasc<\/span><\/p>\n<p><i>Horaires d\u2019ouverture\u00a0:\u00a0<\/i><br \/>Du lundi au jeudi de 8h00 \u00e0 12h00 \u00a0 et de 13h30 \u00e0 17h00<br \/>Le vendredi de\u00a0\u00a0 8h00 \u00e0 12h00 \u00a0 et de 13h30 \u00e0 16h30<span><\/span><\/p>\n<ul>\n<li>T\u00e9l\u00e9phone\u00a0: \u00a004 93 79 51 04<\/li>\n<li>T\u00e9l. d\u2019urgence en dehors des heures d\u2019ouverture de la mairie : 06 09 08 90 8<\/li>\n<li>Mail : <a href=\"mailto:blausasc.mairie@orange.fr\">mairie@blausasc;fr<\/a><\/li>\n<\/ul>\n<p><b>Centre Administratif de la Pointe de Blausasc<\/b><br \/><i>Horaires d\u2019ouverture\u00a0:<\/i><br \/><span>Du lundi au vendredi de 8h00 \u00e0 12h00 \u00a0 et de 13h30 \u00e0 16h00<\/span><\/p>\n<p><b><\/b><\/p>\n<p><b>Mairie annexe et M\u00e9diath\u00e8que La Poste<span>\u00a0<\/span><\/b><br \/>45, Route D\u00e9partementale 2204. 06440 BLAUSASC<\/p>\n<ul>\n<li>T\u00e9l : 04 93 91 20 77\u00a0<\/li>\n<\/ul>\n<p><b><\/b><\/p>\n<blockquote><\/blockquote>\n<p>[\/et_pb_accordion_item][et_pb_accordion_item title=\u00a0\u00bbCRECHE \/ ECOLE MATERNELLE \/ ECOLE PRIMAIRE\u00a0\u00bb open_toggle_text_color=\u00a0\u00bb#000000&Prime; _builder_version=\u00a0\u00bb4.17.4&Prime; _module_preset=\u00a0\u00bbdefault\u00a0\u00bb global_colors_info=\u00a0\u00bb{}\u00a0\u00bb toggle_text_color=\u00a0\u00bb#000000&Prime; toggle_font=\u00a0\u00bb||||||||\u00a0\u00bb open=\u00a0\u00bboff\u00a0\u00bb]<\/p>\n<p><b>Cr\u00e8che \u00ab\u00a0 Lou Nistou de la Pouncha\u00a0\u00bb<\/b><\/p>\n<ul>\n<li>55, RD2204 La Pointe de Blausasc<\/li>\n<li>Tel. : <span>04 92 00 75 98<\/span><\/li>\n<\/ul>\n<p><b><\/b><\/p>\n<p><b>Ecole maternelle<i>\u00a0:\u00a0<\/i><\/b><\/p>\n<ul>\n<li>Chemin de Vienne. 06440 BLAUSASC<\/li>\n<li>Directeur : Mme Sabrina PETULLA :<\/li>\n<li>Tel. : 04 93 91 26 58<\/li>\n<\/ul>\n<p><b><\/b><\/p>\n<p><b>Ecole primaire\u00a0:\u00a0\u00bbL\u2019Escoula d\u00e8i Roumani\u00e8u\u00a0\u00bb<\/b><\/p>\n<ul>\n<li>Esplanade Nicole Lottier \u00a006440 BLAUSASC<\/li>\n<li><b> <\/b>Directeur\u00a0: Mme Sol\u00e8ne Guyomard<\/li>\n<li>Tel. : 04 97 20 24 05<\/li>\n<\/ul>\n<p><span><\/span><\/p>\n<p>[\/et_pb_accordion_item][et_pb_accordion_item title=\u00a0\u00bbINSTITUTIONS\u00a0\u00bb open_toggle_text_color=\u00a0\u00bb#000000&Prime; _builder_version=\u00a0\u00bb4.17.4&Prime; _module_preset=\u00a0\u00bbdefault\u00a0\u00bb global_colors_info=\u00a0\u00bb{}\u00a0\u00bb toggle_text_color=\u00a0\u00bb#000000&Prime; toggle_font=\u00a0\u00bb||||||||\u00a0\u00bb open=\u00a0\u00bboff\u00a0\u00bb]<\/p>\n<p>M Presbyt\u00e8re de l\u2019Escar\u00e8ne: <strong>04 93 79 50 73<\/strong><\/p>\n<p>Agence postale de Blausasc:\u00a0<strong>04 93 91 20 77<\/strong><\/p>\n<p>Poste de l\u2019Escar\u00e8ne:\u00a0<strong>04 93 79 62 07<\/strong><\/p>\n<p>Coll\u00e8ge de l\u2019Escar\u00e8ne:\u00a0<strong>04 93 79 66 77<\/strong><\/p>\n<p>Coll\u00e8ge de Contes:\u00a0<strong>04 93 79 18 18<\/strong><\/p>\n<p><span>Lyc\u00e9e de Drap:<\/span><strong><span>\u00a0<\/span>04 92 14 34 50\u00a0<\/strong><\/p>\n<p><span>Cr\u00e8che \u00ab\u00a0 Lou Nistou de la Pouncha\u00a0\u00bb:<\/span><strong>04 92 00 75 98<\/strong><span>\u00a0\u00a0 \u2013\u00a055, RD2204 La Pointe de Blausasc<\/span><\/p>\n<p><span>Relais Accueil Petite Enfance:\u00a0<\/span><strong>04 92 00 75 95<\/strong><\/p>\n<p>M.A.M. (Maison Assistantes Maternelles): Mme Di M\u00e9glio Danielle 04 93 91 13 43\u00a0<strong><\/strong><\/p>\n<p><strong><\/strong><\/p>\n<p>[\/et_pb_accordion_item][et_pb_accordion_item title=\u00a0\u00bbRESTAURATION\u00a0\u00bb open_toggle_text_color=\u00a0\u00bb#000000&Prime; _builder_version=\u00a0\u00bb4.17.4&Prime; _module_preset=\u00a0\u00bbdefault\u00a0\u00bb inline_fonts=\u00a0\u00bbAboreto\u00a0\u00bb global_colors_info=\u00a0\u00bb{}\u00a0\u00bb toggle_text_color=\u00a0\u00bb#000000&Prime; toggle_font=\u00a0\u00bb||||||||\u00a0\u00bb open=\u00a0\u00bbon\u00a0\u00bb]<\/p>\n<p>&nbsp;<\/p>\n<p>&nbsp;<\/p>\n<p>\u00a0\u00bb \u00a0\u00bb\u00a0<\/p>\n<p><strong>\u00ab Le Moulin de l\u2019Oliveraie \u00bb<\/strong><\/p>\n<ul>\n<li>Restaurant traditionnel Ni\u00e7ois \u2013 Auberge du 18eme si\u00e8cle avec son moulin \u00e0 huile,<\/li>\n<li>Ouvert de 12h \u00e0 14h et 19h30 \u00e0 21h le lundi &#8211; Jeudi &#8211; Vendredi &#8211; Samedi et Dimanche midi\u00a0<\/li>\n<li>Ferm\u00e9 le dimanche soir, mardi et mercredi\u00a0<\/li>\n<li>Tel. : 04 93 79 59 16\u00a0<\/li>\n<\/ul>\n<p><strong>\u00ab\u00a0 La Cantine de Nico \u00bb<\/strong><\/p>\n<ul>\n<li>Restaurant, pizzas, snacking et plat du jour en terrasse ou \u00e0 l\u2019int\u00e9rieur<\/li>\n<li>Ferm\u00e9e le lundi et mardi, mercredi soir et dimanche\u00a0<\/li>\n<li>Tel. : 04 93 76 66 10<\/li>\n<\/ul>\n<p><strong>\u00ab Chez N\u00e9n\u00e9, La Suite \u00bb <\/strong>FOOD TRUCK<\/p>\n<ul>\n<li>Vente de Burgers Salades et desserts,\u00a0 fait maison<\/li>\n<li>Ouverture: du Mardi au Samedi: de 11h00\/14h00 et de 18h00\/21h00 &#8211; samedi de 18h00\/21h00<\/li>\n<li>Fermeture: Dimanche et Lundi\u00a0<\/li>\n<li>6 RD 2204<\/li>\n<li>Tel. : 07 42 32 49 83\u00a0<\/li>\n<\/ul>\n<p><strong>\u00a0\u00bb La Cabane de Blo\u00a0\u00bb\u00a0<\/strong> \u00a033, RD 2204\u00a0<\/p>\n<p>\u00a0Ouverture du Lundi au vendredi de 11h30 \u00e0 15h00\u00a0<\/p>\n<p><a data-dtype=\"d3ph\" data-local-attribute=\"d3ph\" jscontroller=\"LWZElb\" href=\"https:\/\/www.google.com\/search?q=la+cabane+de+blo+la+pointe+de+blausasc&amp;oq=la+cabane+de+blo+la+pointe+de+blausasc+&amp;gs_lcrp=EgZjaHJvbWUyCQgAEEUYORifBTIJCAEQIRgKGKABMgkIAhAhGAoYoAEyCQgDECEYChigATIJCAQQIRgKGKABMgkIBRAhGAoYoAHSAQoxMTY3OGowajE1qAIIsAIB8QVwCaDcjuOKng&amp;sourceid=chrome&amp;ie=UTF-8#\" jsdata=\"QKGTRc;_;tX0cabIJttXszw_2p6vRBg37\" jsaction=\"rcuQ6b:npT2md;F75qrd\" data-ved=\"2ahUKEwjyt4zp7_uQAxW2KvsDHfbTKmoQkAgoAHoECEAQAw\"><span aria-label=\"Appeler le 09 84 38 43 16\">\u00a0T\u00e9l: 09 84 38 43 16<\/span><\/a><\/p>\n<p>&nbsp;<\/p>\n<p>&nbsp;<\/p>\n<p>[\/et_pb_accordion_item][et_pb_accordion_item title=\u00a0\u00bbTRANSPORTS\u00a0\u00bb open_toggle_text_color=\u00a0\u00bb#000000&Prime; _builder_version=\u00a0\u00bb4.17.4&Prime; _module_preset=\u00a0\u00bbdefault\u00a0\u00bb global_colors_info=\u00a0\u00bb{}\u00a0\u00bb toggle_text_color=\u00a0\u00bb#000000&Prime; toggle_font=\u00a0\u00bb||||||||\u00a0\u00bb open=\u00a0\u00bboff\u00a0\u00bb]<\/p>\n<p><strong>SNCF Grandes lignes<\/strong><\/p>\n<ul>\n<li>R\u00e9servez un voyage : <strong>08 92 33 53 35<\/strong><\/li>\n<li>Commandez un billet : <strong>36 35<\/strong><\/li>\n<\/ul>\n<p>TAM lignes Bus : <strong>08 10 06 10 06<\/strong><\/p>\n<p>Taxi Vall\u00e9es : <strong>06 76 88 61 20\u00a0<\/strong><\/p>\n<p>[\/et_pb_accordion_item][et_pb_accordion_item title=\u00a0\u00bbTELEPHONIE\u00a0\u00bb open_toggle_text_color=\u00a0\u00bb#000000&Prime; _builder_version=\u00a0\u00bb4.17.4&Prime; _module_preset=\u00a0\u00bbdefault\u00a0\u00bb global_colors_info=\u00a0\u00bb{}\u00a0\u00bb toggle_text_color=\u00a0\u00bb#000000&Prime; toggle_font=\u00a0\u00bb||||||||\u00a0\u00bb open=\u00a0\u00bboff\u00a0\u00bb]<\/p>\n<h3><strong>T\u00c9L\u00c9PHONIE<\/strong><\/h3>\n<ul>\n<li><a href=\"https:\/\/www.orange.fr\/\" target=\"_blank\" rel=\"noopener noreferrer\">www.orange.fr<\/a> : gestionnaire du r\u00e9seau des lignes t\u00e9l\u00e9phoniques en France.<\/li>\n<li><a href=\"https:\/\/www.echosdunet.net\/dossiers\/trouver-numero-ligne-france-telecom\" target=\"_blank\" rel=\"noopener noreferrer\">www.echosdunet.net\/dossiers\/trouver-numero-ligne-france-telecom<\/a> : toutes les d\u00e9marches pour l\u2019ouverture d\u2019une ligne t\u00e9l\u00e9phonique.<\/li>\n<\/ul>\n<p>[\/et_pb_accordion_item][et_pb_accordion_item title=\u00a0\u00bbENEDIS (anciennement ERDF)\u00a0\u00bb open_toggle_text_color=\u00a0\u00bb#000000&Prime; _builder_version=\u00a0\u00bb4.17.4&Prime; _module_preset=\u00a0\u00bbdefault\u00a0\u00bb global_colors_info=\u00a0\u00bb{}\u00a0\u00bb toggle_text_color=\u00a0\u00bb#000000&Prime; toggle_font=\u00a0\u00bb||||||||\u00a0\u00bb open=\u00a0\u00bboff\u00a0\u00bb]<\/p>\n<h3><span style=\"font-size: 16px;\">Vous trouverez ci-dessous tous les renseignements sur les sites suivants<\/span><\/h3>\n<ul>\n<li><a href=\"https:\/\/www.enedis.fr\/\" target=\"_blank\" rel=\"noopener noreferrer\">www.enedis.fr\/<\/a> : gestionnaire du r\u00e9seau de distribution d\u2019\u00e9lectricit\u00e9.<\/li>\n<li><a href=\"https:\/\/selectra.info\/demenagement\/annuaire\/alpes-maritimes\/blausasc\" target=\"_blank\" rel=\"noopener noreferrer\">selectra.info\/demenagement\/annuaire\/alpes-maritimes\/blausasc<\/a> : liste des num\u00e9ros d\u2019urgence pour l\u2019\u00e9lectricit\u00e9 dans votre commune.<\/li>\n<li><a href=\"https:\/\/agence-energie.com\/agence-edf\/blausasc\" target=\"_blank\" rel=\"noopener noreferrer\">agence-energie.com\/agence-edf\/blausasc<\/a> : coordonn\u00e9es des agence EDF \u00e0 proximit\u00e9 de votre commune.<\/li>\n<li><a href=\"https:\/\/www.fournisseurs-electricite.com\/guides\/compteur\/linky\" target=\"_blank\" rel=\"noopener noreferrer\">www.fournisseurs-electricite.com\/guides\/compteur\/linky<\/a> \u00a0: ensemble des informations concernant le bon fonctionnement du compteur Linky.<\/li>\n<\/ul>\n<p>[\/et_pb_accordion_item][et_pb_accordion_item title=\u00a0\u00bbDECHETTERIE COMMUNAUTAIRE %22EcoValPaillons%22&Prime; open_toggle_text_color=\u00a0\u00bb#000000&Prime; _builder_version=\u00a0\u00bb4.17.4&Prime; _module_preset=\u00a0\u00bbdefault\u00a0\u00bb global_colors_info=\u00a0\u00bb{}\u00a0\u00bb toggle_text_color=\u00a0\u00bb#000000&Prime; toggle_font=\u00a0\u00bb||||||||\u00a0\u00bb open=\u00a0\u00bboff\u00a0\u00bb]<\/p>\n<p>Renseignements: Communaut\u00e9 de communes du pays des Paillons :<\/p>\n<ul>\n<li>Tel. : <em><strong>04 93 79 03 50\u00a0<\/strong><\/em><\/li>\n<li>Site internet : <a href=\"https:\/\/ccpp06.fr\/\" target=\"_blank\" rel=\"noopener\">https:\/\/ccpp06.fr\/<\/a><\/li>\n<\/ul>\n<p>&nbsp;<\/p>\n<p><strong>Ce qu\u2019il faut savoir sur la d\u00e9chetterie communautaire situ\u00e9e au rond-point de la Fontaine de Jarri\u00e9 sur la commune de Contes<\/strong><\/p>\n<ul>\n<li>Le fonctionnement est enti\u00e8rement automatique et surveill\u00e9 par des cam\u00e9ras<\/li>\n<li>Pour entrer sur le site, chaque foyer doit s\u2019\u00e9quiper d\u2019un<span>\u00a0<\/span><strong>badge<span>\u00a0<\/span><\/strong>acquis au tarif de 5 \u20acuros \u00e0 validit\u00e9 permanente. Ce badge sera \u00e0 retirer sur le site \u00ab Ecoval-Paillons \u00bb apr\u00e8s en avoir fait la demande, muni d\u2019un justificatif de domicile de moins de 3 mois et d\u2019une pi\u00e8ce d\u2019identit\u00e9.\u00a0<\/li>\n<\/ul>\n<ul>\n<li>Les d\u00e9p\u00f4ts de d\u00e9chets seront\u00a0<strong>Gratuits<\/strong><span>\u00a0<\/span>jusqu\u2019\u00e0<span>\u00a0<\/span><strong>2 Tonnes<\/strong><span>\u00a0<\/span>par foyer et par an. Au-del\u00e0 de ce poids, un tarif\u00a0 sera appliqu\u00e9 au prorata des flux apport\u00e9s.<\/li>\n<\/ul>\n<p><u>D\u00e9chets accept\u00e9s<\/u>: ferrailles, gravats propres, v\u00e9g\u00e9taux, bois, cartons, pots de peinture, d\u00e9chets \u00e9quipements \u00e9lectriques et \u00e9lectroniques, mobiliers usag\u00e9s, encombrants non valorisables, huile de vidange, batteries, piles, pneus VL et motos.<span>\u00a0<\/span><\/p>\n<p><span style=\"color: #ff0000;\"><strong><em><span style=\"text-decoration: underline;\">Les bouteilles de gaz ne sont pas accept\u00e9es<\/span>, elles doivent \u00eatre ramen\u00e9es au distributeur en station-service.<\/em><\/strong><\/span><\/p>\n<p>&nbsp;<\/p>\n<p>[\/et_pb_accordion_item][\/et_pb_accordion][\/et_pb_column][\/et_pb_row][\/et_pb_section]<\/p>\n","protected":false},"excerpt":{"rendered":"<p>NUMEROS UTILESSamu 15 SOS M\u00e9decin (Nice)\u00a004 93 85 01 01 SOS Dentaire (Nice)\u00a004 93 01 14 14 Centre anti-poisons (Marseille)\u00a004 91 75 25 25 Police\u00a017 Gendarmerie de l\u2019Escar\u00e8ne\u00a004 93 79 50 07 Pompiers\u00a018 Mairie de Nice\u00a004 97 13 20 00 H\u00f4pital de l\u2019Archet\u00a004 92 03 77 77 H\u00f4pital Pasteur\u00a004 92 03 77 77 C.C.A.S Blausasc\u00a004 [&hellip;]<\/p>\n","protected":false},"author":1,"featured_media":0,"parent":0,"menu_order":0,"comment_status":"closed","ping_status":"closed","template":"","meta":{"_et_pb_use_builder":"on","_et_pb_old_content":"","_et_gb_content_width":"","footnotes":""},"class_list":["post-718","page","type-page","status-publish","hentry"],"_links":{"self":[{"href":"https:\/\/www.blausasc.fr\/index.php\/wp-json\/wp\/v2\/pages\/718","targetHints":{"allow":["GET"]}}],"collection":[{"href":"https:\/\/www.blausasc.fr\/index.php\/wp-json\/wp\/v2\/pages"}],"about":[{"href":"https:\/\/www.blausasc.fr\/index.php\/wp-json\/wp\/v2\/types\/page"}],"author":[{"embeddable":true,"href":"https:\/\/www.blausasc.fr\/index.php\/wp-json\/wp\/v2\/users\/1"}],"replies":[{"embeddable":true,"href":"https:\/\/www.blausasc.fr\/index.php\/wp-json\/wp\/v2\/comments?post=718"}],"version-history":[{"count":10,"href":"https:\/\/www.blausasc.fr\/index.php\/wp-json\/wp\/v2\/pages\/718\/revisions"}],"predecessor-version":[{"id":2373,"href":"https:\/\/www.blausasc.fr\/index.php\/wp-json\/wp\/v2\/pages\/718\/revisions\/2373"}],"wp:attachment":[{"href":"https:\/\/www.blausasc.fr\/index.php\/wp-json\/wp\/v2\/media?parent=718"}],"curies":[{"name":"wp","href":"https:\/\/api.w.org\/{rel}","templated":true}]}}