{"id":750,"date":"2022-06-22T16:44:58","date_gmt":"2022-06-22T14:44:58","guid":{"rendered":"https:\/\/www.blausasc.fr\/index.php\/actions-sociales-copy\/"},"modified":"2024-05-02T17:08:45","modified_gmt":"2024-05-02T15:08:45","slug":"location-de-salles","status":"publish","type":"page","link":"https:\/\/www.blausasc.fr\/index.php\/location-de-salles\/","title":{"rendered":"LOCATION DE SALLES COMMUNALES"},"content":{"rendered":"<p>[et_pb_section fb_built=\u00a0\u00bb1&Prime; _builder_version=\u00a0\u00bb4.17.4&Prime; _module_preset=\u00a0\u00bbdefault\u00a0\u00bb background_image=\u00a0\u00bbhttps:\/\/www.blausasc.fr\/wp-content\/uploads\/2022\/06\/Location-de-salles2.jpg\u00a0\u00bb background_size=\u00a0\u00bbcontain\u00a0\u00bb min_height=\u00a0\u00bb377px\u00a0\u00bb custom_padding=\u00a0\u00bb||176px|||\u00a0\u00bb global_colors_info=\u00a0\u00bb{}\u00a0\u00bb][et_pb_row disabled_on=\u00a0\u00bboff|off|off\u00a0\u00bb _builder_version=\u00a0\u00bb4.16&Prime; _module_preset=\u00a0\u00bbdefault\u00a0\u00bb global_colors_info=\u00a0\u00bb{}\u00a0\u00bb][et_pb_column type=\u00a0\u00bb4_4&Prime; _builder_version=\u00a0\u00bb4.16&Prime; _module_preset=\u00a0\u00bbdefault\u00a0\u00bb global_colors_info=\u00a0\u00bb{}\u00a0\u00bb][et_pb_text _builder_version=\u00a0\u00bb4.17.4&Prime; _module_preset=\u00a0\u00bbdefault\u00a0\u00bb text_text_color=\u00a0\u00bb#FFFFFF\u00a0\u00bb header_text_color=\u00a0\u00bb#FFFFFF\u00a0\u00bb global_colors_info=\u00a0\u00bb{}\u00a0\u00bb]<\/p>\n<h1 style=\"text-align: center;\"><span style=\"color: #ff6600;\"><strong>LOCATION DE SALLES<\/strong><\/span><\/h1>\n<p>[\/et_pb_text][\/et_pb_column][\/et_pb_row][\/et_pb_section][et_pb_section fb_built=\u00a0\u00bb1&Prime; _builder_version=\u00a0\u00bb4.16&Prime; _module_preset=\u00a0\u00bbdefault\u00a0\u00bb link_option_url_new_window=\u00a0\u00bbon\u00a0\u00bb global_colors_info=\u00a0\u00bb{}\u00a0\u00bb][et_pb_row _builder_version=\u00a0\u00bb4.22.2&Prime; _module_preset=\u00a0\u00bbdefault\u00a0\u00bb global_colors_info=\u00a0\u00bb{}\u00a0\u00bb][et_pb_column type=\u00a0\u00bb4_4&Prime; _builder_version=\u00a0\u00bb4.17.3&Prime; _module_preset=\u00a0\u00bbdefault\u00a0\u00bb global_colors_info=\u00a0\u00bb{}\u00a0\u00bb][et_pb_accordion _builder_version=\u00a0\u00bb4.22.2&Prime; _module_preset=\u00a0\u00bbdefault\u00a0\u00bb global_colors_info=\u00a0\u00bb{}\u00a0\u00bb][et_pb_accordion_item title=\u00a0\u00bbLa Commune de Blausasc dispose de 2 salles disponibles \u00e0 la location.\u00a0\u00bb _builder_version=\u00a0\u00bb4.17.4&Prime; _module_preset=\u00a0\u00bbdefault\u00a0\u00bb global_colors_info=\u00a0\u00bb{}\u00a0\u00bb open=\u00a0\u00bboff\u00a0\u00bb][\/et_pb_accordion_item][et_pb_accordion_item title=\u00a0\u00bbLA SALLE DASSE &#8211; Capacit\u00e9 80 personnes\u00a0\u00bb _builder_version=\u00a0\u00bb4.17.4&Prime; _module_preset=\u00a0\u00bbdefault\u00a0\u00bb global_colors_info=\u00a0\u00bb{}\u00a0\u00bb open=\u00a0\u00bboff\u00a0\u00bb]<\/p>\n<p><strong>\u00a0 La salle \u00ab Dass\u00e9 \u00bb<\/strong> est situ\u00e9e au Col Pelletier (\u00e0 c\u00f4t\u00e9 du Stade).<\/p>\n<p>Cette salle a \u00e9t\u00e9 enti\u00e8rement r\u00e9nov\u00e9e. Pas de possibilit\u00e9 de cuisiner \u00e0 l&rsquo;int\u00e9rieur.\u00a0<\/p>\n<p>Equipement: 2 grands r\u00e9frig\u00e9rateurs, une armoire cong\u00e9lation, un four \u00e0 micro-ondes.\u00a0<\/p>\n<p>15 Tables rectangulaires et 80 chaises \u00e0 disposition.<\/p>\n<p><strong>Sa capacit\u00e9 d&rsquo;accueil maximal est de <span style=\"text-decoration: underline;\">80 personnes &#8211; superficie: 100 m2<\/span><\/strong><\/p>\n<p>Parking gratuit.<\/p>\n<p>Le prix de la location est de : (\u00e0 compter du 13\/09\/2023)<\/p>\n<ul>\n<li><strong>250 \u20ac\u00a0\u00a0pour les habitants \u00a0et propri\u00e9taires de la commune de Blausasc<\/strong><\/li>\n<li><strong>800 \u20ac pour les autres cas<\/strong><\/li>\n<\/ul>\n<p>Un dossier de location doit \u00eatre effectu\u00e9 en mairie<\/p>\n<p>Pi\u00e8ces demand\u00e9es:<\/p>\n<p>&#8211; Assurance multirisque habitation\u00a0<\/p>\n<p><span style=\"font-size: 14px;\">&#8211; 2 ch\u00e8ques de caution:\u00a0 un ch\u00e8que d&rsquo;un montant de <\/span><strong><span style=\"text-decoration: underline;\"><em>1000\u20ac<\/em><\/span><\/strong><span style=\"font-size: 14px;\"> pour la salle\u00a0<\/span><\/p>\n<p><span style=\"font-size: 14px;\">\u00a0 \u00a0 \u00a0 \u00a0 \u00a0 \u00a0 \u00a0 \u00a0 \u00a0 \u00a0 \u00a0 \u00a0 \u00a0 \u00a0 \u00a0 \u00a0 \u00a0 \u00a0 \u00a0 \u00a0 \u00a0 \u00a0 un ch\u00e8que d&rsquo;un montant de <span style=\"text-decoration: underline;\"><strong>500\u20ac<\/strong><\/span> pour la propret\u00e9 des abords de la salle ( v\u00e9rification apr\u00e8s que la soir\u00e9e se soit d\u00e9roul\u00e9e)<\/span><\/p>\n<p>\u00a0&#8211; Signature du r\u00e8glement<\/p>\n<p>&nbsp;<\/p>\n<p><a href=\"https:\/\/www.blausasc.fr\/wp-content\/uploads\/2023\/09\/REGLEMENT-SALLE-DASSE.pdf\">\u00a0R\u00e8glement de la salle DASSE\u00a0<\/a><\/p>\n<p>&nbsp;<\/p>\n<p>&nbsp;<\/p>\n<p>Vue int\u00e9rieure :<\/p>\n<p><img loading=\"lazy\" decoding=\"async\" src=\"https:\/\/www.blausasc.fr\/wp-content\/uploads\/2022\/06\/Salle_Dasse01.jpg\" width=\"1024\" height=\"683\" alt=\"\" class=\"wp-image-754 aligncenter size-full\" srcset=\"https:\/\/www.blausasc.fr\/wp-content\/uploads\/2022\/06\/Salle_Dasse01.jpg 1024w, https:\/\/www.blausasc.fr\/wp-content\/uploads\/2022\/06\/Salle_Dasse01-980x654.jpg 980w, https:\/\/www.blausasc.fr\/wp-content\/uploads\/2022\/06\/Salle_Dasse01-480x320.jpg 480w\" sizes=\"(min-width: 0px) and (max-width: 480px) 480px, (min-width: 481px) and (max-width: 980px) 980px, (min-width: 981px) 1024px, 100vw\" \/><\/p>\n<p>&nbsp;<\/p>\n<p>[\/et_pb_accordion_item][et_pb_accordion_item title=\u00a0\u00bbSALLE CHRISTIAN LEFRESNE (EX: SALLE ST ROCH) &#8211; Capacit\u00e9 200 personnes \u00a0\u00bb open=\u00a0\u00bbon\u00a0\u00bb _builder_version=\u00a0\u00bb4.17.4&Prime; _module_preset=\u00a0\u00bbdefault\u00a0\u00bb global_colors_info=\u00a0\u00bb{}\u00a0\u00bb]<\/p>\n<p>&nbsp;<\/p>\n<p>D&rsquo;une surface de 250 m\u00b2, cette salle est tr\u00e8s bien agenc\u00e9e pour les mariages et autres \u00e9v\u00e9nements importants.<\/p>\n<p>La salle est \u00e9quip\u00e9e:\u00a0 \u00a01 four \/ 1 four \u00e0 r\u00e9chauffer\/\u00a0 3 r\u00e9frig\u00e9rateurs\u00a0 \/ 1 cong\u00e9lateur \/\u00a0 machine \u00e0 gla\u00e7ons\u00a0 \u00a0\/ 2 lave-vaisselles \/ 1 four \u00e0 pizza \/ 1 cuisini\u00e8re<\/p>\n<p>\u00a025 tables \/ 200 chaises \/ 10 Tables rondes<\/p>\n<p>&nbsp;<\/p>\n<p><strong>\u00a0D&rsquo;une superficie de 250m\u00b2, la salle \u201cCh. Lefresne\u201d\u00a0 peut accueillir 200 personnes au maximum.<\/strong><\/p>\n<p>Parking gratuit.<\/p>\n<p><strong>Le prix de la location est de : ( \u00e0 compter du 13\/09\/2023)<\/strong><\/p>\n<ul>\n<ul>\n<li><strong>650\u20ac pour les habitants \u00a0et propri\u00e9taires de la commune de Blausasc<\/strong><\/li>\n<li><strong>3100 \u20ac pour les autres cas<\/strong><\/li>\n<\/ul>\n<\/ul>\n<p>Un dossier de location doit \u00eatre effectu\u00e9 en mairie<\/p>\n<p><span style=\"text-decoration: underline;\">Pi\u00e8ces \u00e0 fournir :<\/span><\/p>\n<p>&#8211; Assurance multirisque habitation\u00a0<\/p>\n<p>&#8211; Ch\u00e8que de caution de 3000\u20ac pour la salle\u00a0<\/p>\n<p>&#8211; Ch\u00e8que de 500\u20ac pour la propret\u00e9 des abords de la salle (v\u00e9rification apr\u00e8s la f\u00eate)\u00a0<\/p>\n<p>&#8211; signature du r\u00e8glement<\/p>\n<p><a href=\"https:\/\/www.blausasc.fr\/wp-content\/uploads\/2023\/09\/REGLEMENT-SALLE-CHRISTIAN-LEFRESNE-RETOUR-PREF.pdf\">R\u00e8glement de la salle Ch. Lefresne\u00a0<\/a><\/p>\n<p>Vues int\u00e9rieures :<\/p>\n<p><strong><img loading=\"lazy\" decoding=\"async\" src=\"https:\/\/www.blausasc.fr\/wp-content\/uploads\/2022\/06\/Salle_Lefresnes01.jpg\" width=\"1024\" height=\"683\" alt=\"\" class=\"wp-image-757 aligncenter size-full\" srcset=\"https:\/\/www.blausasc.fr\/wp-content\/uploads\/2022\/06\/Salle_Lefresnes01.jpg 1024w, https:\/\/www.blausasc.fr\/wp-content\/uploads\/2022\/06\/Salle_Lefresnes01-980x654.jpg 980w, https:\/\/www.blausasc.fr\/wp-content\/uploads\/2022\/06\/Salle_Lefresnes01-480x320.jpg 480w\" sizes=\"(min-width: 0px) and (max-width: 480px) 480px, (min-width: 481px) and (max-width: 980px) 980px, (min-width: 981px) 1024px, 100vw\" \/><\/strong><\/p>\n<p><strong><img loading=\"lazy\" decoding=\"async\" src=\"https:\/\/www.blausasc.fr\/wp-content\/uploads\/2022\/06\/Salle_Lefresnes02.jpg\" width=\"1024\" height=\"683\" alt=\"\" class=\"wp-image-758 aligncenter size-full\" srcset=\"https:\/\/www.blausasc.fr\/wp-content\/uploads\/2022\/06\/Salle_Lefresnes02.jpg 1024w, https:\/\/www.blausasc.fr\/wp-content\/uploads\/2022\/06\/Salle_Lefresnes02-980x654.jpg 980w, https:\/\/www.blausasc.fr\/wp-content\/uploads\/2022\/06\/Salle_Lefresnes02-480x320.jpg 480w\" sizes=\"(min-width: 0px) and (max-width: 480px) 480px, (min-width: 481px) and (max-width: 980px) 980px, (min-width: 981px) 1024px, 100vw\" \/><\/strong><\/p>\n<p>&nbsp;<\/p>\n<p>[\/et_pb_accordion_item][\/et_pb_accordion][\/et_pb_column][\/et_pb_row][\/et_pb_section]<\/p>\n","protected":false},"excerpt":{"rendered":"<p>LOCATION DE SALLES\u00a0 La salle \u00ab Dass\u00e9 \u00bb est situ\u00e9e au Col Pelletier (\u00e0 c\u00f4t\u00e9 du Stade). Cette salle a \u00e9t\u00e9 enti\u00e8rement r\u00e9nov\u00e9e. Pas de possibilit\u00e9 de cuisiner \u00e0 l&rsquo;int\u00e9rieur.\u00a0 Equipement: 2 grands r\u00e9frig\u00e9rateurs, une armoire cong\u00e9lation, un four \u00e0 micro-ondes.\u00a0 15 Tables rectangulaires et 80 chaises \u00e0 disposition. Sa capacit\u00e9 d&rsquo;accueil maximal est de [&hellip;]<\/p>\n","protected":false},"author":1,"featured_media":0,"parent":0,"menu_order":0,"comment_status":"closed","ping_status":"closed","template":"","meta":{"_et_pb_use_builder":"on","_et_pb_old_content":"","_et_gb_content_width":"","footnotes":""},"class_list":["post-750","page","type-page","status-publish","hentry"],"_links":{"self":[{"href":"https:\/\/www.blausasc.fr\/index.php\/wp-json\/wp\/v2\/pages\/750","targetHints":{"allow":["GET"]}}],"collection":[{"href":"https:\/\/www.blausasc.fr\/index.php\/wp-json\/wp\/v2\/pages"}],"about":[{"href":"https:\/\/www.blausasc.fr\/index.php\/wp-json\/wp\/v2\/types\/page"}],"author":[{"embeddable":true,"href":"https:\/\/www.blausasc.fr\/index.php\/wp-json\/wp\/v2\/users\/1"}],"replies":[{"embeddable":true,"href":"https:\/\/www.blausasc.fr\/index.php\/wp-json\/wp\/v2\/comments?post=750"}],"version-history":[{"count":0,"href":"https:\/\/www.blausasc.fr\/index.php\/wp-json\/wp\/v2\/pages\/750\/revisions"}],"wp:attachment":[{"href":"https:\/\/www.blausasc.fr\/index.php\/wp-json\/wp\/v2\/media?parent=750"}],"curies":[{"name":"wp","href":"https:\/\/api.w.org\/{rel}","templated":true}]}}